)/12*a/2. Suppose -3*r - r + o = 0. Calculate the remainder when r is divided by 2.
1
Suppose 16 = 2*z + 3*s - 4, -2*s = z - 12. Suppose -4*k + h + 236 = -247, -z*k = 2*h - 498. What is the remainder when k is divided by 41?
40
Let m(z) = z**3 + 8*z**2 - 11*z - 5. Let v = 8 - 17. Let f = 1 - -7. Calculate the remainder when m(v) is divided by f.
5
Let d(u) = u**3 - 7*u**2 + 22*u + 1. Calculate the remainder when d(7) is divided by 8.
3
Let h(t) = t**2 - 10*t - 113. Calculate the remainder when 30 is divided by h(17).
0
Let d(k) = 3*k**2 - 63*k - 10. Calculate the remainder when d(22) is divided by 35.
21
Let k(h) be the third derivative of -h**4/12 + 7*h**3 + 9*h**2. Calculate the remainder when k(-10) is divided by 21.
20
Let d be (-82)/((-50)/(-15) - 4). Suppose 9 - d = -u. What is the remainder when u is divided by 29?
27
Suppose 0 = -2*m - 4*o + 164, 4*o = 2*m - 0*o - 172. Suppose -61 = -3*v - 9*p + 11*p, p - 12 = -v. What is the remainder when m is divided by v?
16
Suppose -4 = -u + 15. What is the remainder when ((-30)/(-3 + 28/10))/2 is divided by u?
18
Suppose w + 0*w = 3*t + 698, 3*t + 706 = -w. Let r = -84 - t. What is the remainder when (-1 - (-5 + 1)) + r is divided by 39?
36
Let f(t) = 3*t + 29. Let z be f(-10). What is the remainder when 25 is divided by (8 - 9/(-3)) + z?
5
Let q(k) = -k**2 + 20*k - 86. Let g be q(13). Let c(r) = 2*r**2 + 7*r - 1 + 0*r - r**3 + 2*r**2. Calculate the remainder when 15 is divided by c(g).
6
Suppose 0 = -3*a - a + 2*w + 22, 3*a - 4*w - 14 = 0. Suppose 0 = -a*n + 134 - 50. What is the remainder when n is divided by 3?
2
Let t = 645 + -612. What is the remainder when 65 is divided by t?
32
Suppose 0 = 5*n - 10 - 0. Suppose -4*h - l + 257 = 0, -h - n*l = l - 56. Calculate the remainder when h is divided by 17.
14
Suppose 2*o + 124 = 3*y + 766, -4*o + 1268 = 2*y. Calculate the remainder when o is divided by 108.
102
Let u = 8 + -1. Calculate the remainder when u is divided by (-2)/(-3) + 754/174.
2
Let t = -1052 - -1242. What is the remainder when t is divided by 18?
10
Let n(d) be the first derivative of -5*d**2/2 - 4*d - 1. Calculate the remainder when 39 is divided by n(-5).
18
Suppose -h + 2*v = -3*v - 38, -4*v - 41 = -h. Suppose 0 = -h*f + 49*f + 52. Calculate the remainder when 38 is divided by f.
12
Suppose 0 = -2*y + 3*w + 174, 5*y - 3*y + 3*w - 150 = 0. Calculate the remainder when y is divided by 7.
4
Suppose -4*y = -4*s + 4, -4*y = -2*s - 4 - 2. Suppose -y*l + 36 + 288 = 0. Calculate the remainder when l is divided by 6.
3
Let j = 1265 + -897. What is the remainder when j is divided by 94?
86
Let p(l) = -l - 4. Suppose 3*u = 2*k - k - 32, -4*u = -4*k + 32. Calculate the remainder when ((-2)/3)/(4/(-138)) is divided by p(u).
7
Suppose -74*v - 45*v + 2499 = 0. What is the remainder when 146 is divided by v?
20
Suppose -r - d - 1 = 0, d = 4*r - 2 + 1. Suppose -4*l = 2*x, -2*x + r*l + 12 = -2*l. Calculate the remainder when 38 is divided by x.
2
Let d = -298 + 535. Calculate the remainder when d is divided by 14.
13
Let a(l) = l**2 - 40*l + 284. Calculate the remainder when a(33) is divided by 18.
17
Suppose -m + 30 - 118 = 0. What is the remainder when (-27)/12*m/3 is divided by 23?
20
Let l(x) = -113*x**3 - x**2 - 2*x - 2. Let o be l(-1). Let a = -23 + o. What is the remainder when a is divided by 18?
17
Let u(t) = t**3 + 10*t**2 + 7*t - 14. Let a be u(-7). Calculate the remainder when 2 + -2*a/(-4) is divided by 15.
14
Suppose 0 = 2*s + 4*x - 188, 5*s - 5 = -2*x + 457. What is the remainder when s is divided by 14?
8
Let l = -5 - -9. Suppose 17*z - 3*i + 89 = 21*z, 37 = 2*z - i. What is the remainder when z is divided by 43/l + (-2)/(-8)?
9
Let r = 228 + -92. Calculate the remainder when r is divided by 32/5 + (-58)/145 - -8.
10
Let n = -5 + 5. Suppose n = -3*y + 10 + 8. Suppose 197 - 97 = 5*c. What is the remainder when c is divided by y?
2
Let q(t) = 4*t - 6. Suppose 5*i + 4*o - 332 + 261 = 0, -5*o = -5*i + 125. What is the remainder when i is divided by q(4)?
9
Suppose 48 = 5*i - 507. Let s = i - 47. What is the remainder when s is divided by 33?
31
Suppose -25*w - 16 = -21*w. Let s be w/(-18) + (-770)/63. Calculate the remainder when (-590)/(-15) + 4/s is divided by 10.
9
Let t(m) = -2*m**2 - 118*m - 865. Calculate the remainder when t(-49) is divided by (116/(-6))/(4/(-6)).
28
Let y = 21 + 2. Let n(p) = -7*p - 2. What is the remainder when y is divided by n(-2)?
11
Let p be (-1 - 43)*6/(-8). Suppose 2*i = p + 5. Calculate the remainder when (56/(-6))/((-1)/6) is divided by i.
18
What is the remainder when (-6 - (-56)/5)*(2 + 8) is divided by (-6)/(-15) - (-212)/20?
8
Let i = 151 - 148. What is the remainder when 50 is divided by i?
2
Let z = 51 + -26. Let t(g) = -2*g**2 - g + 8. Let k(n) = -2*n**2 - 2*n + 7. Let v(p) = -4*k(p) + 3*t(p). Calculate the remainder when v(4) is divided by z.
23
Suppose -6*c + 30 = 9*c. Suppose 9*u - 5*f - 34 = 7*u, -40 = -3*u + c*f. Let s(b) = 5*b - 7. Calculate the remainder when s(6) is divided by u.
11
Suppose 2 = -4*h - 3*a + 547, -5*h = a - 684. Suppose -9*w - 56 = -11*w. Calculate the remainder when h is divided by w.
25
Let g be 1*20*((-46)/(-10) - 5). Let n = 40 - g. What is the remainder when n is divided by 17?
14
Let d be (-2 + -2)*(-2)/4. Suppose -d*q + 76 = -0. Suppose -2*t + 50 = 3*t. What is the remainder when q is divided by t?
8
Let s = -735 + 869. What is the remainder when 931 is divided by s?
127
Suppose -5*k + 2*b = -686, 3*k + 4*b - 457 = -61. Let z be (1/2)/(2/k). Suppose 0 = 3*d - 8 - z. What is the remainder when d is divided by 8?
6
Let o be (-4)/12 - 43/(-3). Let h = o + -19. Calculate the remainder when 14 + 2/1 + h is divided by 4.
3
Suppose -7*o + 10*o = 1146. Calculate the remainder when o is divided by 77.
74
Let x be -10*(12/(-5) + 0). Suppose -3*u - 6 = -x. Let z(g) = 11*g + 33. What is the remainder when z(-2) is divided by u?
5
Let m(b) = 6*b + 3. What is the remainder when (-130)/1*(2/(-5))/1 is divided by m(4)?
25
Let j(u) = 3*u**2 - 4*u + 3. Calculate the remainder when j(-6) is divided by 47.
41
Let b = 2260 - 1906. Calculate the remainder when b is divided by 17.
14
Let y(r) = -13*r + 66. What is the remainder when 80 is divided by y(4)?
10
Let z(q) = -2*q - 8. Suppose 0 = -4*p + 3*p + 13. Suppose -11 = -p*o + 12*o. Calculate the remainder when o is divided by z(-7).
5
Suppose c - 4 = -17. Let z = c + 45. Suppose 0 = -5*w - 2*r + 63, -5*w + 2*r + 59 = 3*r. What is the remainder when z is divided by w?
10
Suppose 5*f + j = -j + 45, 3*f = j + 27. Let s(t) = 3*t - 4. Let b be s(f). Let q = -15 + b. What is the remainder when 13 is divided by q?
5
Let r(v) = -170*v - 210. What is the remainder when r(-3) is divided by 18?
12
Suppose 5*x - 145 = 235. Suppose -460 + x = -6*g. Calculate the remainder when g is divided by 22.
20
Let t = 2290 + -2081. What is the remainder when t is divided by 21?
20
Suppose -6*d = -0*d + 12. Let z = d - -8. Calculate the remainder when 33 is divided by z.
3
Suppose p + 5*a = 72, 18*p - 19*p + 2*a + 65 = 0. Let u(o) = 7*o. Calculate the remainder when p is divided by u(2).
11
Calculate the remainder when 5/((-2)/(-10)*(-14)/(-42)) is divided by 26.
23
Suppose -141 = -4*q + x, 54*q + 72 = 56*q - 2*x. Calculate the remainder when 148 is divided by q.
8
Let y = 78 + -23. Let d = 0 - 15. What is the remainder when 20 is divided by (y/d - -4)*33?
9
Suppose -5*i = 2*x + 52, 0 = 2*x - 4*i - 11 + 81. Let l(v) = 3*v**2 - 2*v + 13. Let m be l(3). Let s = m + x. What is the remainder when 13 is divided by s?
1
Let b = 268 + -44. What is the remainder when b is divided by 21?
14
Let i(u) be the third derivative of -5*u**4/2 - u**2. Let a be i(-1). Suppose -8 - a = -4*z. Calculate the remainder when 50 is divided by z.
16
Suppose -d + 5*r = 0, -4*d - 2*r = r. Suppose -3*n = -d*n - 81. Let c = n + -19. What is the remainder when 21 is divided by c?
5
Suppose -2*d + 7*d - 45 = 0. Let m = d - 3. Let p = -332 - -360. Calculate the remainder when p is divided by m.
4
Suppose -15*b = -597 - 1218. What is the remainder when b is divided by 104?
17
Suppose -119 = -3*p - 4*u, 3*p - 127 = -5*u + 9*u. What is the remainder when 64 is divided by p?
23
Suppose -5*w = 48 - 208. Let l = 275 + -181. Calculate the remai